c**2 + 8*c + 2. Give b(8).
2
Let p(w) = 23*w - 138. Determine p(7).
23
Let t(v) = 11*v**2 + 17*v + 28. Determine t(-2).
38
Let u(d) = d**2 - 11*d + 24. Calculate u(7).
-4
Let h(p) = p**3 + 4*p**2 + 5*p + 6. Give h(-4).
-14
Let f(t) = -2*t**2 + 17*t - 9. Calculate f(8).
-1
Let g(d) = d + 11. Determine g(6).
17
Let w(z) = -13*z - 65. What is w(-5)?
0
Let f(w) = w + 10. What is f(-6)?
4
Let y(o) = 4*o**3 + 3*o**2 + 2*o - 1. What is y(-2)?
-25
Let n(k) = 11*k - 199. Calculate n(15).
-34
Let y(u) = u**3 + 3*u**2 - 9*u - 14. Give y(-3).
13
Let o(c) = -6*c - 33. Calculate o(-7).
9
Let f(i) = 5*i**2 - 5*i + 2. Calculate f(2).
12
Let n(q) = q**3 + 2*q**2 - 17*q - 4. Determine n(-5).
6
Let i(s) = -5*s**3 + s**2 - 3*s - 3. Determine i(-2).
47
Let k(s) = 2*s**2 + 20*s + 6. Determine k(-10).
6
Let h(b) = 7*b**2 - 2*b + 1. Calculate h(1).
6
Let l(a) = a**3 - 21*a**2 + 18*a + 32. Give l(20).
-8
Let l(k) = k**3 - 11*k**2 - 16*k + 32. Give l(12).
-16
Let w(f) = f**2 + 14*f. What is w(-11)?
-33
Let u(n) = -8*n**2 - 2*n + 3. What is u(3)?
-75
Let t(x) = x**3 + 6*x**2 + 11*x + 39. Determine t(-5).
9
Let p(k) = -15*k**2 + 2*k - 6. What is p(0)?
-6
Let h(w) = w**3 - 9*w**2 + 12. Determine h(9).
12
Let i(w) = -w - 9. Calculate i(-7).
-2
Let y(p) = 21*p - 40. Give y(2).
2
Let d(r) = 2*r**3 + r**2 - 2*r. What is d(2)?
16
Let b(l) = -2*l**2 + 3*l + 3. Calculate b(-1).
-2
Let r(q) = 28*q + 23. Calculate r(-3).
-61
Let h(d) = 8*d - 1. What is h(10)?
79
Let g(h) = -2*h**2 + 11*h + 57. Calculate g(9).
-6
Let x(k) = 2*k**2 - k - 5. Calculate x(0).
-5
Let a(n) = -n**2 + 5*n + 7. Give a(8).
-17
Let x(f) = 5*f**2 - 2*f + 1. Calculate x(-2).
25
Let g(x) = x**2 + 9*x - 569. What is g(20)?
11
Let f(h) = 2*h**2 + 8*h + 11. What is f(-10)?
131
Let u(v) = -2*v**3 - 21*v**2 - 11*v - 1. Calculate u(-10).
9
Let u(i) = 9*i + 8. What is u(-1)?
-1
Let w(z) = -z**2 - 15*z - 33. Determine w(-8).
23
Let w(z) = -10*z - 19. Calculate w(-2).
1
Let b(v) = -v**3 + 6*v**2 + 13*v - 55. Calculate b(7).
-13
Let m(w) = -w**2 - 4*w - 10. Give m(-7).
-31
Let j(i) = -5*i - 5. Determine j(2).
-15
Let g(o) = -o + 9. What is g(4)?
5
Let o(l) = -5*l**2 + l + 2. Give o(2).
-16
Let r(b) = b + 13. Give r(5).
18
Let j(n) = 125*n - 2. What is j(0)?
-2
Let d(y) = -y - 9. Determine d(-14).
5
Let q(f) = 5*f - 133. Calculate q(28).
7
Let v(q) = -q**3 + 19*q**2 + 3*q - 43. Give v(19).
14
Let g(p) = 2*p**3 - 9*p**2 - 3*p - 12. Give g(5).
-2
Let i(c) = -4*c**3 - 41*c**2 - 8*c + 12. Determine i(-10).
-8
Let y(w) = w**3 + 5*w**2 - 6*w + 1. What is y(-4)?
41
Let h(x) = x**2 + 4*x - 10. Give h(-6).
2
Let p(y) = y**3 + 7*y**2 - 17*y + 10. What is p(-9)?
1
Let d(t) = -13*t + 1. Give d(-2).
27
Let f(q) = q**3 - 13*q**2 + q + 3. What is f(13)?
16
Let d(r) = r**3 + 13*r**2 + 4*r + 2. Calculate d(-3).
80
Let o(b) = -2*b**2 - 50*b - 2. Determine o(-25).
-2
Let p(t) = t**3 - 27*t**2 + 19*t + 185. Calculate p(26).
3
Let u(o) = o**2 + 21*o + 44. What is u(-19)?
6
Let g(j) = -2*j**2 - 10*j - 10. What is g(-4)?
-2
Let j(h) = -h**2 + 9*h - 10. What is j(5)?
10
Let s(q) = 10*q + 1. Calculate s(-3).
-29
Let z(r) = r**2 + 6*r - 23. Calculate z(3).
4
Let z(q) = -q**3 - 13*q**2 + 16*q - 3. Give z(-14).
-31
Let h(j) = 3*j**2 - 3*j + 3. Give h(2).
9
Let l(z) = -199*z - 592. What is l(-3)?
5
Let o(h) = -32*h**2 + h. What is o(-1)?
-33
Let k(h) = 2*h**2 + h + 2. Calculate k(-2).
8
Let u(b) = b + 16. Determine u(0).
16
Let i(m) = -3*m + 10. What is i(11)?
-23
Let k(d) = -2*d**2 - 3*d - 2. Determine k(-1).
-1
Let w(h) = -h**2 - 6. Determine w(0).
-6
Let x(v) = -2*v**3 + 5*v**2 + 3*v - 4. Calculate x(3).
-4
Let b(f) = -3*f**2 - f + 2. Determine b(-3).
-22
Let s(r) = -36*r**2 - 5*r - 4. Give s(-2).
-138
Let i(f) = -f**2 + 3*f - 16. What is i(-10)?
-146
Let u(q) = -5*q - 4. What is u(3)?
-19
Let z(w) = -11*w + 8. Give z(2).
-14
Let d(w) = -7*w + 31. Give d(8).
-25
Let a(d) = -d**3 + 30*d**2 + 33*d - 61. What is a(31)?
1
Let z(r) = 25*r - 203. Give z(8).
-3
Let a(y) = -y**3 + 11*y**2 + 10*y + 40. What is a(12)?
16
Let q(d) = 4*d - 21. Determine q(4).
-5
Let s(y) = -139*y**2 - 2*y - 1. Determine s(-1).
-138
Let z(o) = o**2 + 30*o - 214. Give z(6).
2
Let r(z) = z - 10. Give r(0).
-10
Let m(w) = w**2 + 11*w + 38. Determine m(-5).
8
Let y(d) = -213*d - 1492. What is y(-7)?
-1
Let f(l) = 23*l - 925. What is f(40)?
-5
Let n(t) = -t**3 - 27*t**2 + 26*t - 48. Calculate n(-28).
8
Let j(g) = 8*g**3 - 3*g - 2. Determine j(2).
56
Let f(n) = n**2 - 7. Calculate f(0).
-7
Let b(s) = -9*s - 13. Give b(9).
-94
Let a(h) = h**2 - 8*h + 10. Calculate a(7).
3
Let h(a) = -a**2 + 4*a + 15. Determine h(8).
-17
Let v(d) = d**3 - 4*d**2 - 5*d + 7. Give v(5).
7
Let t(v) = -v - 3. Give t(9).
-12
Let c(j) = -j**2 - 23*j - 54. Calculate c(-16).
58
Let u(s) = -s**3 + 4*s**2 - 2*s + 2. Calculate u(2).
6
Let z(s) = s**3 - 6*s**2 - 5*s - 2. Give z(7).
12
Let g(f) = 2*f**3 + 18*f**2 + 10*f + 88. Give g(-9).
-2
Let z(t) = t**3 + 6*t**2 - 24*t - 138. Determine z(-6).
6
Let p(b) = -2*b**3 + 7*b**2 - 5*b. Calculate p(4).
-36
Let u(g) = 3*g + 32. What is u(-15)?
-13
Let g(r) = r**2 + 12*r - 3. Calculate g(-10).
-23
Let v(x) = -6*x + 44. What is v(4)?
20
Let s(i) = -i**3 - 6*i**2 - i - 1. What is s(-6)?
5
Let q(k) = 14*k - 46. What is q(2)?
-18
Let d(m) = 6*m - 22. Give d(5).
8
Let p(f) = -2*f**3 - 39*f**2 + 20*f + 1. What is p(-20)?
1
Let b(l) = 3*l**3 - 28*l**2 + 2*l + 65. Calculate b(9).
2
Let p(z) = z**3 + 11*z**2 - 14*z - 27. What is p(-12)?
-3
Let g(s) = -2*s**3 + 12*s**2 - 11*s + 11. What is g(5)?
6
Let k(f) = f**2 - 17*f + 22. Give k(16).
6
Let b(r) = -r**3 + r**2 - 2*r - 72. What is b(0)?
-72
Let r(y) = -y**2 + y + 15. Determine r(0).
15
Let y(n) = 7*n + 159. What is y(-21)?
12
Let p(j) = 66*j - 193. Determine p(3).
5
Let x(m) = m**2 + 20*m + 4. Calculate x(-18).
-32
Let k(f) = f**3 - 13*f**2 + 12*f + 14. Determine k(12).
14
Let h(r) = 6*r - 33. Calculate h(6).
3
Let y(g) = 4*g**2 - 25*g + 3. Give y(6).
-3
Let j(w) = -4*w - 17. Calculate j(-6).
7
Let o(m) = m**2 - 5*m - 23. Calculate o(5).
-23
Let s(u) = -u**3 - 10*u**2 - 21*u + 4. What is s(-7)?
4
Let r(l) = -2*l**2 - 3*l - 1. Calculate r(6).
-91
Let c(o) = -44*o**2 - 10*o - 10. What is c(-1)?
-44
Let s(k) = -5*k - 116. Calculate s(-23).
-1
Let w(z) = -32*z - 1. Give w(1).
-33
Let v(f) = 4*f**2 - 22*f + 10. Give v(5).
0
Let s(w) = w**3 - 21*w**2 - 24*w + 1. Give s(22).
-43
Let b(l) = l**3 - 6*l**2 + 4*l - 3. Give b(2).
-11
Let q(o) = o**2 + 13*o + 10. Determine q(-12).
-2
Let n(z) = -z**2 - 2*z - 8. Determine n(0).
-8
Let x(f) = -f**2 + 9*f + 5. Give x(7).
19
Let a(d) = -11*d - 291. What is a(-27)?
6
Let j(q) = -7*q**2 - 2*q. Determine j(2).
-32
Let n(d) = 2*d**2 + 2*d - 3. Determine n(-3).
9
Let d(h) = 5*h**3 + h. Calculate d(1).
6
Let t(y) = -y**3 + 4*y**2 + 6*y. Calculate t(5).
5
Let q(g) = 5*g + 39. What is q(-8)?
-1
Let z(h) = -h**2 - 6*h + 1. What is z(-8)?
-15
Let n(p) = -11*p - 86. Calculate n(-4).
-42
Let k(v) = -9*v + 5. What is k(-5)?
50
Let m(s) = -s**3 - 14*s**2 + 33*s + 8. Determine m(-16).
-8
Let x(r) = r**2 - 11*r + 16. Calculate x(7).
-12
Let w(s) = -s**2 + 10*s - 33. What is w(6)?
-9
Let y(o) = -o**3 + 9*o**2 + 2*o - 103. Determine y(8).
-23
Let v(w) = 9*w + 7. Give v(-2).
-11
Let i(a) = -a**3 + 12*a**2 - 3*a + 13. What is i(12)?
-23
Let a(y) = -y - 6. Determine a(-13).
7
Let v(a) = -a**2 - 9*a - 22. Determine v(-5).
-2
Let n(b) = 2*b**2 - 61*b - 166. Calculate n(33).
-1
Let y(u) = -11*u**3 + 2*u**2 - u. Give y(1).
-10
Let u(m) = -4*m**3 + m**2 + m. Determine u(-2).
34
Let n(f) = -5*f**2 - 5*f + 2. Calculate n(-3).
-28
Let b(c) = c**2 - 16*c - 3. Calculate b(17).
14
Let k(t) = t**3 + 6*t**2 - 3*t + 16. What is k(-6)?
34
Let g(k) = -16*k**2 + 5*k - 4. Determine g(1).
-15
Let p(g) = g**3 - 4*g**2 + 2*g + 6. Give p(5).
41
Let o(h) = h**2 + 3*h - 24. Determine o(-8).
16
Let w(z) = -z**3 - 2*z**2 + 2*z + 1. Calculate w(-2).
-3
Let j(w) = 8*w - 7. Calculate j(14).
105
Let l(k) = 33*k**2. Determine l(1).
33
Let w(d) = 76*d**3 + d**2 + 2*d - 2. Calculate w(1).
77
Let b(i) = 4*i + 14. Determine b(-11).
-30
Let j(o) = -o**3 + 13*o**2 - 21*o - 1. Calculate j(11).
10
Let b(m) = -m**2 - 5*m - 9. Give b(-3).
-3
Let y(c) = -c**3 + c**2 + 105. Calculate y(0).
105
Let z(q) = -q**2 - 4*q + 1. Calculate z(-6).
-11
Let y(t) = -9